{"id":795,"date":"2018-06-28T17:16:54","date_gmt":"2018-06-28T20:16:54","guid":{"rendered":"https:\/\/inspfracchia-cha.infd.edu.ar\/sitio\/autoridades\/"},"modified":"2023-05-10T17:05:51","modified_gmt":"2023-05-10T20:05:51","slug":"autoridades","status":"publish","type":"page","link":"https:\/\/inspfracchia-cha.infd.edu.ar\/sitio\/autoridades\/","title":{"rendered":"Autoridades Acad\u00e9micas"},"content":{"rendered":"<div>\n<p><strong>R<\/strong><span style=\"font-size: 12pt;\"><strong>ectora<\/strong>: Lic. Reina Falc\u00f3n.<\/span><\/p>\n<p><span style=\"font-size: 12pt;\"><strong>Vicerrector<\/strong>: Prof. Daniel Monyo<\/span><\/p>\n<div><span style=\"font-size: 12pt;\"><strong>Coordinador Pedag\u00f3gico<\/strong>: Prof. Silvana Vallejos<\/span><\/div>\n<div><\/div>\n<div><strong><span style=\"font-size: 12pt;\">Directores de estudios:<\/span><\/strong><\/div>\n<div><span style=\"font-size: 12pt;\"><strong>Profesorado en Matem\u00e1tica, Profesorado en\u00a0 F\u00edsica y \u00a0Profesorado en Qu\u00edmica<\/strong>: Prof. Carlos L\u00f3pez.<\/span><\/div>\n<div><span style=\"font-size: 12pt;\"><strong>Profesorado de Educaci\u00f3n Primaria<\/strong>: Prof. Fabi\u00e1n Ocampo.<\/span><\/div>\n<div><span style=\"font-size: 12pt;\"><strong>Profesorado en Bibliotecolog\u00eda<\/strong>: Prof. Sandro Garc\u00eda<\/span><\/div>\n<\/div>\n","protected":false},"excerpt":{"rendered":"<p>Rectora: Lic. Reina Falc\u00f3n. Vicerrector: Prof. Daniel Monyo Coordinador Pedag\u00f3gico: Prof. Silvana Vallejos Directores de estudios: Profesorado en Matem\u00e1tica, Profesorado en\u00a0 F\u00edsica y \u00a0Profesorado en Qu\u00edmica: Prof. Carlos L\u00f3pez. Profesorado de Educaci\u00f3n Primaria: Prof. Fabi\u00e1n Ocampo. Profesorado en Bibliotecolog\u00eda: Prof. Sandro Garc\u00eda<\/p>\n","protected":false},"author":499,"featured_media":0,"parent":0,"menu_order":0,"comment_status":"closed","ping_status":"closed","template":"","meta":[],"acf":[],"_links":{"self":[{"href":"https:\/\/inspfracchia-cha.infd.edu.ar\/sitio\/wp-json\/wp\/v2\/pages\/795"}],"collection":[{"href":"https:\/\/inspfracchia-cha.infd.edu.ar\/sitio\/wp-json\/wp\/v2\/pages"}],"about":[{"href":"https:\/\/inspfracchia-cha.infd.edu.ar\/sitio\/wp-json\/wp\/v2\/types\/page"}],"author":[{"embeddable":true,"href":"https:\/\/inspfracchia-cha.infd.edu.ar\/sitio\/wp-json\/wp\/v2\/users\/499"}],"replies":[{"embeddable":true,"href":"https:\/\/inspfracchia-cha.infd.edu.ar\/sitio\/wp-json\/wp\/v2\/comments?post=795"}],"version-history":[{"count":4,"href":"https:\/\/inspfracchia-cha.infd.edu.ar\/sitio\/wp-json\/wp\/v2\/pages\/795\/revisions"}],"predecessor-version":[{"id":1018,"href":"https:\/\/inspfracchia-cha.infd.edu.ar\/sitio\/wp-json\/wp\/v2\/pages\/795\/revisions\/1018"}],"wp:attachment":[{"href":"https:\/\/inspfracchia-cha.infd.edu.ar\/sitio\/wp-json\/wp\/v2\/media?parent=795"}],"curies":[{"name":"wp","href":"https:\/\/api.w.org\/{rel}","templated":true}]}}